- 6*v**2 + 2*v + 6. Let c = 34 + -29. What is w(c)?
-9
Let d = 1 - 5. Let o(u) = u**2 + 3*u - 1. Let z be o(d). Let q(k) = -3*k**2 + 4*k**2 - 3*k - 4 + 0*k. Give q(z).
-4
Let h(g) = -1 + 4 - g - 6. What is h(0)?
-3
Suppose -1 = 3*a - 7. Let b(y) = -a*y + y + y**2 - y - 3. Calculate b(4).
5
Let l(a) = -8*a + 6. Let w = 0 + -6. Let n(b) = -7*b + 6. Let r(g) = w*l(g) + 7*n(g). Calculate r(5).
1
Let w(p) be the second derivative of -p**4/12 + p**3/6 + p**2 + 3*p. Let l(g) = -g**2 - 5*g - 4. Let o be l(-3). Suppose -o*c = -7*c - 10. Give w(c).
-4
Let x(l) = -l - 3. Suppose 16 = -0*r + 4*r. Suppose -4*d - d = -20. Let k = d - r. Determine x(k).
-3
Let d(m) = -m**2 + 6*m - 1. Let k be d(6). Let p = k - 1. Let x(a) be the third derivative of a**6/120 + a**5/30 + a**4/8 + a**3/2 - 10*a**2. Calculate x(p).
-3
Suppose -2*g + 2*h - 5 = -19, -3*g - 11 = 5*h. Let f(a) = -a**3 + 2*a**2 - 1. What is f(g)?
-10
Suppose 0 = 3*b - 3 - 3. Suppose -2*m = b*m - 4. Let z(v) = -v - 6 + m + 1. Calculate z(-5).
1
Let r(k) = 2*k. Suppose -d + 3*y + 4 = 0, 4*d + 0*y + 2*y + 26 = 0. Give r(d).
-10
Let k(q) = -2*q**2 + 4*q - 2. Let l = -19 - -22. Give k(l).
-8
Let a(i) be the first derivative of i**3/3 - 7*i**2/2 + 2*i + 7. Determine a(8).
10
Let m(f) = f**2 - 5*f - 7. Let o(h) = 5*h**2 - 25*h - 35. Let n(d) = 11*m(d) - 2*o(d). Let w = -11 - 6. Let j = -12 - w. Give n(j).
-7
Let i(u) = -7*u**3 + 10*u**2 + 9*u - 2. Let g(c) = -3*c**3 + 5*c**2 + 4*c - 1. Let k(d) = 9*g(d) - 4*i(d). Let b = 0 + -5. Calculate k(b).
-1
Let c(v) = -v**2 + 7*v + 9. Let n be c(8). Let m(x) = -x + 1 + 9*x**2 - 9*x + 9*x. Determine m(n).
9
Suppose 0*j + 3*j = 18. Let a be (8/j)/(2/9). Let g(m) = m**3 - 5*m**2 - 8*m + 9. Give g(a).
-3
Let n(g) = g + 1. Suppose -13*i + i + 108 = 0. What is n(i)?
10
Let r(c) = c**3 + 2*c**2 + 2. Suppose 0 = -q - 3 + 1. Determine r(q).
2
Let b(n) = -441*n + 99. Let l(u) = 9*u - 2. Let c(m) = -2*b(m) - 99*l(m). Give c(1).
-9
Let k be (-15)/(12/8 - 0). Let d be 2 + 0 + (-14)/1. Let x = k - d. Let v(z) = 2*z**3 - 2*z**2 - 2*z + 1. Calculate v(x).
5
Suppose 3 = -3*a + 15. Let o(n) = 2*n + 1. Give o(a).
9
Let c(a) = 3*a + 8. Suppose -4*l = 0, -27 = 5*s - 4*l + 3. Calculate c(s).
-10
Let a(g) = -g**2 - 6*g - 2. Let o(s) = -s**3 - 2*s**2 + 2*s - 4. Let k(d) = d**2 - 5*d + 3. Let w be k(3). Let z be o(w). Let r = z + -3. What is a(r)?
6
Suppose -5*j - 9 = 26. Let s(x) = -x - 1. Give s(j).
6
Let q(x) be the second derivative of -x**4/12 - x**3/6 + x**2/2 - 4*x. Let r = -3 - -4. What is q(r)?
-1
Let g(k) = k**2 - 2*k - 5*k**2 - 7 + k**3 + 11. Calculate g(4).
-4
Let u(q) = q + 6. Let n(r) = -r**3 - 3*r**2 + 4. Let w be n(-2). What is u(w)?
6
Let r(x) = x**2 - 7*x - 4. Let w = -8 - -15. Let l be r(w). Let t(f) = 5*f + 5. Let z(y) = -y - 1. Let d(p) = t(p) + 6*z(p). Determine d(l).
3
Let i(x) = 2*x + 6. Let l be i(-6). Let a(p) be the first derivative of -3 + 5*p + 1/2*p**2. What is a(l)?
-1
Let r be (-4)/(-10) + 12/(-5). Let k(g) = -3*g - 3. Calculate k(r).
3
Let r = 4 - 2. Suppose -r*l - i = -0*i, 4*i + 16 = 0. Let f(a) = -5*a + 1. Let c(d) = 2*d. Let g(v) = -7*c(v) - 3*f(v). What is g(l)?
-1
Let a(p) = 9*p - 2. Let u(h) = h. Let g(i) = a(i) - 6*u(i). Let n be g(-1). Let y(z) = -z**3 - 5*z**2 + 4. Give y(n).
4
Let d(q) = -2*q**3 - 4 + 5*q**3 - q**3 - 3*q**3 + q + 7*q**2. Suppose -4*b = -5*h + 19, 0 = 3*h - 2*h + 5*b - 27. What is d(h)?
3
Let q be -2*((-4)/(-8) + 1). Let m(b) = b**2 + 2*b - 2. Calculate m(q).
1
Let h(u) = 0*u + 3*u**2 + 4*u**2 - 6*u**2 - 4*u + 3. Determine h(4).
3
Suppose 2*w - 5*t + 10 - 30 = 0, -12 = 3*t. Suppose 4*v - r = -0*r + 12, 0 = -4*v - 2*r + 12. Let p(n) = v - n**3 + 0 + 2*n**3 - n. Determine p(w).
3
Let y(d) = -2*d + 1. Let t = -166 + 161. Give y(t).
11
Let n(a) = -2*a**3 - 18*a**2 + 2*a + 10. Let s be n(-9). Let c(r) = -r - 1. Calculate c(s).
7
Let f be 1/(-1) + (1 - 2). Let x(n) = -7*n**3 + 6*n**3 + n + n. Calculate x(f).
4
Let m(q) be the second derivative of q**3/6 + q**2/2 + q. Let z be 16/24*2/(4/(-6)). Give m(z).
-1
Let o(f) be the first derivative of f**4/24 + 4*f**3/3 + f**2 + 5. Let s(w) be the second derivative of o(w). Calculate s(-4).
4
Suppose 8 = 3*z + 20. Let k(a) = -a - 4. Determine k(z).
0
Let i(w) = -8 + 3*w - w + 10 + 2*w**2 + 0*w. Calculate i(-2).
6
Let g = 9 - 15. Let i be (3/g)/(-1)*4. Let w(o) = 2*o**2 - 3*o + 3. Calculate w(i).
5
Let h(w) be the second derivative of -w**3/6 - w**2/2 - w. Let d be h(3). Let b(f) = f - 4. Let q(t) = -3*t + 11. Let j(s) = d*q(s) - 11*b(s). Determine j(4).
4
Let n be 2/((-1)/(20/8)). Let o(p) be the third derivative of p**4/24 + 2*p**3 + p**2. Give o(n).
7
Let k = 21 - 21. Let j(o) = -o**3 + o. Determine j(k).
0
Let a(s) be the second derivative of -9*s**5/20 + s**4/12 + s**3/3 + s**2/2 + 3*s. What is a(-1)?
9
Let q be (8/(-5))/((-2)/10). Suppose c + q = 2*d + 1, 2*c + 3*d - 14 = 0. Let x(w) = -6*w**2 - 1. Calculate x(c).
-7
Let h = 2 - 7. Let s(t) = -t**2 + 8*t + 9. Let a(f) = 2*f**2 - 9*f - 10. Let x(z) = 2*a(z) + 3*s(z). Determine x(h).
2
Let x(o) be the second derivative of o**6/120 + o**5/120 + o**4/4 + 5*o. Let s(d) be the third derivative of x(d). Calculate s(1).
7
Let f be 4 + (-7)/((-28)/(-16)). Let m(j) = j - 4. Determine m(f).
-4
Let y(q) = q**3 + 4*q**2 + 4*q + 1. Suppose 0 = 4*a + 4*j + 8, 4*j = 4*a + 14 + 2. What is y(a)?
-2
Let w(j) = 1 + 11*j**3 - 33*j + 2*j**2 + 0*j**2 + 31*j - 32*j**3. Determine w(1).
-20
Let k(z) = -8*z + 13. Let p(n) = -2*n + 3. Let h(t) = 2*k(t) - 9*p(t). Calculate h(-6).
-13
Let v(d) = -d**2 + 5*d**2 + 6 - 5*d**2 - 3 - 4*d. What is v(-5)?
-2
Let q(o) = -4*o + 9. Let y(h) = h - 1. Let g(l) = q(l) + 6*y(l). Let u be ((-3)/6)/((-2)/8). Suppose j = u*j + 4. Determine g(j).
-5
Suppose -u - 24 = -3*u - 4*p, -3*u + 4*p + 16 = 0. Let m = -6 + u. Suppose r - m = 1. Let d(o) = -o**3 + 3*o**2 - o - 3. Determine d(r).
-6
Let o(a) = -6*a**2 + a. Let h(j) = -17*j**2 + 3*j. Let i(p) = -4*h(p) + 11*o(p). Let c(k) = k - 7. Let q = -8 + 14. Let m be c(q). What is i(m)?
3
Let c(m) = -4*m - 2*m**2 - 7*m**2 + 4*m**2 + 6*m**2 + 3. What is c(4)?
3
Let m(t) be the third derivative of t**6/120 + t**5/60 - t**4/24 - 4*t**3/3 - 4*t**2. Give m(0).
-8
Let m(n) = -5*n + 5. Let c(i) = i - 1. Let l(u) = 6*c(u) + m(u). What is l(-5)?
-6
Let i(u) = -u**2 - 12. Let z(x) = x**3 - 8*x**2 + 8*x - 2. Let y be z(7). Suppose 0 = 5*g - c + y*c - 4, 3*g + 3*c = 3. What is i(g)?
-12
Suppose 2*h = -h + 6. Let t(s) = s**h + 0 + s + 0 - s**3. Determine t(0).
0
Suppose 4 = v - 0. Suppose -3 = -2*n - 1. Suppose -f = -v + n. Let i(l) = l + 1. Give i(f).
4
Let z = 3 + -1. Suppose -3*j + 12 = -4*q - 11, -z*q = 2*j - 20. Suppose j = 3*x, 0*x + 8 = -f + 4*x. Let n(b) = -b**3 + 5*b**2 - 4*b - 1. Give n(f).
-1
Suppose b = -b + 8. Let z = b + -7. Let w(t) = t**2 - t - 4. Determine w(z).
8
Let s(z) = 3*z**2 + 6*z + 1 - 2*z + z**3 + 2*z**2 - 2*z. What is s(-2)?
9
Let f(m) = -m**2 - 2*m - 1. Let u be f(-2). Let a = u + 5. Let d(s) = -s**3 + 5*s**2 - 6*s + 4. What is d(a)?
-4
Let h(q) = q**2 - 6*q + 9. Suppose 0 = 2*r - 2*o - 18, -3*r - 5*o = -6 + 3. Determine h(r).
9
Let r be (-1)/(2/4 - 1). Let w(m) be the third derivative of 0*m + 1/120*m**6 + 1/3*m**3 - 1/12*m**4 - 2*m**r + 0 - 1/20*m**5. Determine w(3).
-4
Let m = 6 + -6. Let y(q) = -5*q**2 + q + 7. Let p(x) = 6*x**2 - x - 8. Let d(i) = 4*p(i) + 5*y(i). Determine d(m).
3
Suppose 2*r = 6*r - 5*b - 5, 4*b = -r - 4. Let a(i) be the second derivative of 1/2*i**2 + 5/6*i**3 + r - i - 1/12*i**4. Give a(4).
5
Let i(w) = 10 + w - 25 + 14 + 9*w**2. Give i(1).
9
Let y(j) = -j. Suppose 2*i = 5*a - 3, 2*i + 12 - 33 = -3*a. What is y(i)?
-6
Let r(b) = 0*b - b + 4 + 3 + 5. Let m be (4 - 35/10) + 2/(-4). Give r(m).
12
Let h(v) = v + 1. Let s(f) = -f**2 + f + 4. Let d be s(0). Let o be 10/(-15)*6/d. Let t be (o + 3 - 6)*-1. Give h(t).
5
Let h(n) = n**2 - 11*n + 4. Let a be h(11). Suppose -13 = -3*s + o, 2*s + 0*s - a = -4*o. Let b(z) = z**2 - 2*z - 2. Give b(s).
6
Let q(u) = -u**3 + 4*u**2 + 3*u + 4. Let z(o) = o**2 + o - 10. Suppose -3*j = -8*j. Let m be z(j). Let w be ((-2)/(-3))/(m/(-75)). Calculate q(w).
-6
Let k(s) = -2*s - 1. Suppose -1 = 3*y + 8. Let g = y - -8. Let v = g - 1. Calculate k(v).
-9
Let i(z) = z**2 - 5*z - 4. Let f(t) = -t**2 + 5*t + 5. Let m(h) = 4*f(h) + 5